{"id":83,"date":"2007-05-16T10:32:19","date_gmt":"2007-05-16T08:32:19","guid":{"rendered":"http:\/\/aqualog.aquadreams.pl\/?page_id=83"},"modified":"2007-05-16T10:48:51","modified_gmt":"2007-05-16T08:48:51","slug":"faq","status":"publish","type":"page","link":"https:\/\/aqualog.aquadreams.pl\/?page_id=83","title":{"rendered":"FAQ"},"content":{"rendered":"<p><u><strong>Poni\u017cej kilka pyta\u0144 i odpowiedzi, kt\u00f3re powinny pom\u00f3c i przybli\u017cy\u0107 korzystanie z Aqualog.<\/strong><\/u><br \/>\n<strong>\u00a0<\/strong><\/p>\n<p><strong>Q. Dlaczego nie mog\u0119 komentowa\u0107 wpis\u00f3w ?<\/strong><br \/>\nA. U\u017cytkownicy musz\u0105 by\u0107 zarejestrowani i zalogowani, by m\u00f3c komentowa\u0107<\/p>\n<p><strong>Q. Dlaczego m\u00f3j komentarz oczekuje na opublikowanie ?<\/strong><br \/>\n<strong>A.<\/strong> Autor komentarza musi by\u0107 zalogowany oraz posiada\u0107 co najmniej jeden zaakceptowany komentarz.<\/p>\n","protected":false},"excerpt":{"rendered":"<p>Poni\u017cej kilka pyta\u0144 i odpowiedzi, kt\u00f3re powinny pom\u00f3c i przybli\u017cy\u0107 korzystanie z Aqualog. \u00a0 Q. Dlaczego nie mog\u0119 komentowa\u0107 wpis\u00f3w ? A. U\u017cytkownicy musz\u0105 by\u0107 zarejestrowani i zalogowani, by m\u00f3c komentowa\u0107 Q. Dlaczego m\u00f3j komentarz oczekuje na opublikowanie ? A. Autor komentarza musi by\u0107 zalogowany oraz posiada\u0107 co najmniej jeden zaakceptowany komentarz.<\/p>\n","protected":false},"author":2,"featured_media":0,"parent":0,"menu_order":0,"comment_status":"open","ping_status":"open","template":"","meta":{"ngg_post_thumbnail":0,"jetpack_post_was_ever_published":false,"footnotes":""},"class_list":["post-83","page","type-page","status-publish","hentry"],"_links":{"self":[{"href":"https:\/\/aqualog.aquadreams.pl\/index.php?rest_route=\/wp\/v2\/pages\/83","targetHints":{"allow":["GET"]}}],"collection":[{"href":"https:\/\/aqualog.aquadreams.pl\/index.php?rest_route=\/wp\/v2\/pages"}],"about":[{"href":"https:\/\/aqualog.aquadreams.pl\/index.php?rest_route=\/wp\/v2\/types\/page"}],"author":[{"embeddable":true,"href":"https:\/\/aqualog.aquadreams.pl\/index.php?rest_route=\/wp\/v2\/users\/2"}],"replies":[{"embeddable":true,"href":"https:\/\/aqualog.aquadreams.pl\/index.php?rest_route=%2Fwp%2Fv2%2Fcomments&post=83"}],"version-history":[{"count":0,"href":"https:\/\/aqualog.aquadreams.pl\/index.php?rest_route=\/wp\/v2\/pages\/83\/revisions"}],"wp:attachment":[{"href":"https:\/\/aqualog.aquadreams.pl\/index.php?rest_route=%2Fwp%2Fv2%2Fmedia&parent=83"}],"curies":[{"name":"wp","href":"https:\/\/api.w.org\/{rel}","templated":true}]}}